t is the ten thousands digit of 784192632?
9
What is the hundreds digit of 2169050962?
9
What is the tens digit of 3241326066?
6
What is the hundreds digit of 32289926?
9
What is the thousands digit of 338202033?
2
What is the ten millions digit of 586410879?
8
What is the hundreds digit of 60674279?
2
What is the hundreds digit of 62936907?
9
What is the millions digit of 12159352?
2
What is the units digit of 39548420?
0
What is the hundred thousands digit of 150463777?
4
What is the units digit of 1969041876?
6
What is the thousands digit of 96845636?
5
What is the ten millions digit of 1395863999?
9
What is the millions digit of 2355876491?
5
What is the millions digit of 176818968?
6
What is the ten millions digit of 71658499?
7
What is the billions digit of 1634717688?
1
What is the thousands digit of 286893734?
3
What is the tens digit of 238344770?
7
What is the thousands digit of 621033862?
3
What is the ten millions digit of 1513921837?
1
What is the units digit of 392442449?
9
What is the hundred millions digit of 159843727?
1
What is the millions digit of 59116472?
9
What is the ten millions digit of 108333750?
0
What is the units digit of 83678622?
2
What is the millions digit of 1502073555?
2
What is the ten thousands digit of 33326557?
2
What is the millions digit of 278274555?
8
What is the hundreds digit of 29500926?
9
What is the ten thousands digit of 142537452?
3
What is the tens digit of 2942588332?
3
What is the billions digit of 6502534711?
6
What is the units digit of 36636205?
5
What is the hundred thousands digit of 47932953?
9
What is the thousands digit of 165859289?
9
What is the ten thousands digit of 226826133?
2
What is the hundreds digit of 10489506?
5
What is the tens digit of 40505969?
6
What is the units digit of 746719210?
0
What is the ten thousands digit of 51540131?
4
What is the hundreds digit of 3039772599?
5
What is the hundred millions digit of 439363134?
4
What is the hundreds digit of 44392109?
1
What is the hundred thousands digit of 20979754?
9
What is the hundred thousands digit of 1549698479?
6
What is the hundred thousands digit of 37115314?
1
What is the tens digit of 497566321?
2
What is the ten thousands digit of 922426491?
2
What is the hundred thousands digit of 623097877?
0
What is the millions digit of 379709591?
9
What is the hundreds digit of 602200527?
5
What is the hundreds digit of 24052527?
5
What is the ten millions digit of 1452714712?
5
What is the tens digit of 8496110?
1
What is the units digit of 607908656?
6
What is the thousands digit of 99955038?
5
What is the ten millions digit of 24145516?
2
What is the ten millions digit of 24762458?
2
What is the ten millions digit of 80419170?
8
What is the millions digit of 601585522?
1
What is the ten millions digit of 168797596?
6
What is the tens digit of 1026155469?
6
What is the hundred thousands digit of 527091808?
0
What is the hundreds digit of 1162943459?
4
What is the ten millions digit of 10040070?
1
What is the hundred thousands digit of 616290599?
2
What is the units digit of 15450607?
7
What is the tens digit of 3208844164?
6
What is the ten millions digit of 68629283?
6
What is the tens digit of 1378677?
7
What is the hundred thousands digit of 450620914?
6
What is the units digit of 24693513?
3
What is the millions digit of 2277110750?
7
What is the ten millions digit of 218355373?
1
What is the millions digit of 736427632?
6
What is the units digit of 89307260?
0
What is the hundred millions digit of 1008159395?
0
What is the ten thousands digit of 211276701?
7
What is the ten thousands digit of 107691860?
9
What is the units digit of 105962314?
4
What is the hundred millions digit of 6259493677?
2
What is the hundreds digit of 29690486?
4
What is the hundred thousands digit of 595881328?
8
What is the millions digit of 752113629?
2
What is the millions digit of 28646372?
8
What is the thousands digit of 195109194?
9
What is the units digit of 107965849?
9
What is the units digit of 78388937?
7
What is the thousands digit of 55721625?
1
What is the hundreds digit of 93668255?
2
What is the units digit of 426755628?
8
What is the thousands digit of 1172191479?
1
What is the tens digit of 91560734?
3
What is the ten thousands digit of 212347626?
4
What is the hundred millions digit of 1826796049?
8
What is the units digit of 836381424?
4
What is the hundred millions digit of 535946736?
5
What is the ten millions digit of 20165393?
2
What is the hundreds digit of 235734891?
8
What is the units digit of 3431531045?
5
What is the millions digit of 2680624111?
0
What is the ten thousands digit of 71375833?
7
What is the hundreds digit of 86582141?
1
What is the hundred millions digit of 240775996?
2
What is the units digit of 547164018?
8
What is the hundreds digit of 209014347?
3
What is the hundred thousands digit of 338164887?
1
What is the ten thousands digit of 752095708?
9
What is the millions digit of 1499426529?
9
What is the ten thousands digit of 654317389?
1
What is the ten millions digit of 1202323642?
0
What is the hundred millions digit of 925684864?
9
What is the units digit of 2190775786?
6
What is the ten thousands digit of 80984458?
8
What is the ten thousands digit of 242058795?
5
What is the hundred thousands digit of 2808028067?
0
What is the thousands digit of 218528668?
8
What is the hundreds digit of 665447653?
6
What is the thousands digit of 231759998?
9
What is the hundred thousands digit of 779562763?
5
What is the units digit of 264891266?
6
What is the hundred thousands digit of 270881069?
8
What is the millions digit of 4448328?
4
What is the tens digit of 18231666?
6
What is the hundreds digit of 119284609?
6
What is the ten thousands digit of 50148199?
4
What is the ten thousands digit of 83778186?
7
What is the ten millions digit of 266416663?
6
What is the hundred thousands digit of 833907305?
9
What is the units digit of 160367952?
2
What is the hundred thousands digit of 48972475?
9
What is the millions digit of 54156141?
4
What is the ten millions digit of 746950445?
4
What is the hundred thousands digit of 33834663?
8
What is the thousands digit of 30640359?
0
What is the ten millions digit of 290438644?
9
What is the thousands digit of 1714896413?
6
What is the hundred millions digit of 6314736955?
3
What is the thousands digit of 55191201?
1
What is the ten millions digit of 38265099?
3
What is the millions digit of 119948307?
9
What is the ten millions digit of 29156196?
2
What is the millions digit of 421232342?
1
What is the thousands digit of 84402084?
2
What is the thousands digit of 121052291?
2
What is the thousands digit of 102886297?
6
What is the thousands digit of 431536263?
6
What is the millions digit of 928045834?
8
What is the tens digit of 397586554?
5
What is the thousands digit of 14492733?
2
What is the hundred millions digit of 2817904305?
8
What is the hundred millions digit of 2244421472?
2
What is the tens digit of 5143954287?
8
What is the hundreds digit of 149389466?
4
What is the hundreds digit of 187676901?
9
What is the ten thousands digit of 949840493?
4
What is the thousands digit of 131908967?
8
What is the hundreds digit of 3011699083?
0
What is the millions digit of 25991722?
5
What is the units digit of 280715425?
5
What is the hundred millions digit of 647747932?
6
What is the tens digit of 1012967831?
3
What is the tens digit of 15271219?
1
What is the ten thousands digit of 1585035818?
3
What is the ten millions digit of 1100383959?
0
What is the hundreds digit of 7407621?
6
What is the millions digit of 87103868?
7
What is the thousands digit of 662241227?
1
What is the ten millions digit of 86080354?
8
What is the thousands digit of 429158674?
8
What is the thousands digit of 855106999?
6
What is the ten millions digit of 105471274?
0
What is the units digit of 317072015?
5
What is the hundred millions digit of 884964471?
8
What is the millions digit of 10456311?
0
What is the tens digit of 732056844?
4
What is the ten thousands digit of 186581809?
8
What is the ten thousands digit of 364015622?
1
What is the hundreds digit of 125732239?
2
What is the hundreds digit of 35622427?
4
What is the millions digit of 105618815?
5
What is the uni